 h(-3). Suppose -3*i - s = -93. List the prime factors of i.
3, 7
Let x(f) = f**2 + 10*f + 5. Let v be x(-10). Let u = 12 - v. List the prime factors of u.
7
Let l = 205 + -121. What are the prime factors of l?
2, 3, 7
Let q(o) = 2*o**2 + 4*o + 3. Let v be q(-2). Suppose 0 = v*h - 6 - 15. List the prime factors of h.
7
Suppose -5*k + 504 = 4*k. What are the prime factors of k?
2, 7
Let a(s) = -s**3 - 8*s**2 - 5*s - 4. Let x be a(-7). List the prime factors of (-9)/(x/(-80))*-1.
2, 5
Suppose 3*a + 39 + 6 = 0. List the prime factors of ((-12)/a)/((-6)/(-45)).
2, 3
Suppose 3 = u - 0*u. Suppose -3*m = 13 - 34. Let i = m - u. List the prime factors of i.
2
Suppose b - 4*h = 35, -h + 25 = 3*b - b. Suppose 2*w = b + 7. List the prime factors of w.
11
Let z(w) = w - 1. Let x(l) = 7*l - 8. Let o(i) = -x(i) + 6*z(i). List the prime factors of o(-4).
2, 3
Let p be 276/10 + (-4)/(-10). Suppose -2*m = i - 10, 4*i - 3*m - m = p. What are the prime factors of i?
2
Suppose 5*w - 5 = -4*r - 0*w, r - w = 8. Suppose -4*y - r = 23. Let k = y + 13. What are the prime factors of k?
2, 3
Let f(r) = r**2 + 3*r + 2. Let b be f(-3). Suppose -22 = -0*x - b*x. Let n = x + -8. What are the prime factors of n?
3
Let i be (-19)/6 + (-4)/(-24). List the prime factors of (-4)/6 + (-8)/i.
2
Let h = 114 + 24. What are the prime factors of h?
2, 3, 23
Suppose 57 = f - 8. Let a be f/10 + 1/2. Let p = 3 + a. What are the prime factors of p?
2, 5
Suppose 5*r - 28 = r. Let n = r + -4. List the prime factors of (32/6)/(n/9).
2
Let w = -335 - -620. What are the prime factors of w?
3, 5, 19
Let k = 30 + 13. Suppose 14 = -c + i + k, -2*c - 3*i + 33 = 0. What are the prime factors of c?
2, 3
Let c be 15*(-3)/(-18)*-2. What are the prime factors of (9 + -1)*(-3 - c)?
2
Suppose 109 = 4*p + u, 0 = -2*u + u + 5. Suppose 0 = -3*z + 22 + p. What are the prime factors of z?
2
Let q = 38 + -2. What are the prime factors of q?
2, 3
Let f be (6/5)/((-4)/(-10)). Suppose 0 = 2*a + f*a + 4*u - 60, 0 = -3*a + 4*u + 4. What are the prime factors of a?
2
Let g = -2 - -4. Let c be 3 - (-1 + g + 0). Suppose 0 = 4*d - c*o - 30, 3*d - 23 = o + 2. List the prime factors of d.
2, 5
Let b be 0/(3/(5 - 2)). Suppose b = 2*x + 5*u + 13, 4*u - 1 + 33 = 2*x. What are the prime factors of x?
2, 3
Let o(y) = 4*y**3 - 2*y**2 + 5*y - 5. List the prime factors of o(3).
2, 5
Suppose 7*k = 541 + 1174. What are the prime factors of k?
5, 7
Let w be (8 + 1)/((-1)/(-6)). Let m be 12/w + (-34)/(-9). What are the prime factors of (-80)/(-15)*(-1 + m)?
2
Suppose 3*q = 3*x + 21, -4*q - 3*x + 3 - 10 = 0. Let i be 3 + (-2)/(0 - 2). Let j = i - q. What are the prime factors of j?
2
Let k = -34 + 59. What are the prime factors of k?
5
Suppose -4*m - t = -9*m + 6, 3*m - 2*t + 2 = 0. What are the prime factors of (169/39)/(m/6)?
13
Let x = -21 + 36. Suppose 0 = 3*k - 4*a - 39, 0 = -7*a + 2*a + x. List the prime factors of k.
17
Suppose -5*j + 170 = -0*j. List the prime factors of j.
2, 17
Let j be 3/(-1) - -33 - 2. Suppose -n + j = 3*n. List the prime factors of n.
7
Suppose 2*o - 2 + 6 = 0. What are the prime factors of 1 + o - 42/(-3)?
13
List the prime factors of (-12)/(-20) - (-342)/30.
2, 3
List the prime factors of (2*(-167)/2)/(-1).
167
Suppose -52 = -7*m + 3*m. What are the prime factors of m?
13
Suppose 3*i + i - 3*g + 24 = 0, 4*g - 31 = 5*i. Let k be 1 + -1 - 18/i. What are the prime factors of 18*((-4)/(-2))/k?
2, 3
Suppose 2*w - 4*o = -3*o + 15, -5*w = 5*o. Suppose 0 = 5*i + w - 15. Suppose 0 = 3*u + 12, 3*u + 1 + i = -3*r. List the prime factors of r.
3
List the prime factors of 18 - -1 - (-9 + -6 + 13).
3, 7
Let o(j) = -3*j**2 - 3*j + 5. Let b(u) = 6*u**2 + 7*u - 11. Let i(t) = 4*b(t) + 7*o(t). List the prime factors of i(-6).
3, 19
Let r = -1 - -4. Suppose j = -r*j + 60. What are the prime factors of j?
3, 5
Suppose -3*a + 8*a = 5. Let p(h) = h - 6*h + a + 1. What are the prime factors of p(-2)?
2, 3
Let y be (2 - (1 - -1))/(-2). Let c = 0 + y. What are the prime factors of c + (2 - 1) - -8?
3
Suppose 0*n - 22 = -2*n. Suppose 2*l - n = -1. Suppose l*k - 5 = 40. List the prime factors of k.
3
Let z = -65 - -145. Suppose z = 8*q - 3*q. Let r = q + 3. List the prime factors of r.
19
Let v(m) = m**3 + 7*m**2 + 4*m + 4. Suppose -4*o = -o + 18. List the prime factors of v(o).
2
Let g = -1 - -59. List the prime factors of g.
2, 29
Let l = 2 - -12. What are the prime factors of l?
2, 7
Let g(z) = -2*z**2 + 2*z + 2. Let l be g(-2). List the prime factors of (-205)/l - (-1)/2.
3, 7
Suppose 924 = 4*r - 4*h, -r = 2*r + h - 693. List the prime factors of r.
3, 7, 11
Suppose -30*r = -32*r + 176. List the prime factors of r.
2, 11
Suppose -1065 = 35*i - 38*i. List the prime factors of i.
5, 71
Let f be (0 - (0 + -1))*9. Let m = 40 - f. What are the prime factors of m?
31
Let s = 1 + 0. Let n = -16 - -8. List the prime factors of (n/(-6))/(s/9).
2, 3
Let l(f) = 49*f**2 + 2*f - 12. List the prime factors of l(-3).
3, 47
Suppose -3*o + 64 = 2*u - 37, 0 = -5*o + u + 151. List the prime factors of o.
31
Suppose 0*r + 6 = r. Suppose r*i - i + 30 = 0. List the prime factors of ((-9)/i)/((-9)/(-30)).
5
Suppose 2*s + s - 15 = 5*o, -4*s + 4*o + 12 = 0. Suppose 0 = -c - 1, s = 4*d - 3*c - 11 - 40. List the prime factors of d.
2, 3
Let d = 143 - 57. What are the prime factors of d?
2, 43
Suppose 0 = -2*g + 14. Let m(o) = -o**2 + 8*o - 4. Let a be m(g). List the prime factors of 4/(-4)*-1*a.
3
Let m(f) = -f - 1. Let c be m(-9). Let w = c + 3. What are the prime factors of w?
11
Let s = 2 + 3. Suppose c - 3*z = 3 + 3, -2*z = s*c - 30. List the prime factors of c.
2, 3
Let x = 27 + -18. Suppose 0 = -3*k - c + 7, k - x = 2*c + c. Suppose -4*i + k*i = -9. List the prime factors of i.
3
Suppose -h = -116 - 60. List the prime factors of h.
2, 11
Suppose 3*t + 103 = 247. Let x be ((-16)/6)/((-1)/6). Suppose 5*y + 18 = 3*r + t, 2*r + x = 2*y. What are the prime factors of y?
3
Let y be 1*-2 + -2 + 6. Suppose 10 = -y*o, -3*o - 27 + 9 = -l. List the prime factors of l.
3
Suppose 2*z + 4 = 3*z. Suppose 0 = z*t + 3*v - 17, -2*t = -t + 3*v - 2. What are the prime factors of t?
5
Let u(s) = s**2 + 4*s + 2. Let h be u(-4). Suppose -c = -h*c + 13. List the prime factors of c.
13
Let x(b) = 12*b**2 - 4*b + 3. What are the prime factors of x(2)?
43
Suppose -2*b - 3*b + 10 = 0. Suppose -6 = -2*x - b. What are the prime factors of 10 + ((-2)/x - 0)?
3
Suppose 0*p - 4*p = -60. Let n = p + -8. What are the prime factors of n?
7
Let p(t) = -t + 10. Let w be p(8). List the prime factors of 3 - (w - (-6)/(-3)).
3
Let g = 28 - 25. Suppose -2*o - g*o + 2*a = -215, 3*o - 98 = -5*a. What are the prime factors of o?
41
List the prime factors of -31*(-4)/(-8)*-2.
31
Suppose 5*q + 1 = -4*z, 1 = -6*q + 5*q - z. Suppose 0*f - q*f = -42. What are the prime factors of f?
2, 7
List the prime factors of (6/9)/((-6)/(1008/(-1))).
2, 7
Suppose 0 = 7*p - 3*p - 36. List the prime factors of p.
3
Suppose 3*f - 3*i = 87, -50 = -2*f - 3*i - 7. List the prime factors of f.
2, 13
Let c = 8 - 8. Suppose c = 4*u + o - 23, 3*u = -4*o + 15 + 12. What are the prime factors of u?
5
List the prime factors of 46/2*2/2 - 4.
19
Let x be 4*(2 - 0) - 3. Suppose 8 = x*k - 2, 41 = w + 5*k. List the prime factors of w.
31
Suppose -3*c - 435 = -5*x, 9*x - c = 4*x + 435. What are the prime factors of x?
3, 29
Let p = 203 + -121. What are the prime factors of p?
2, 41
Suppose 3*k - 87 = l + 2*l, 4*k - l - 125 = 0. List the prime factors of k.
2
Let x(q) = -q**3 - 3*q**2 - 4*q - 2. Let k be x(-3). Let h(l) = -l**3 + 11*l**2 - 8*l. What are the prime factors of h(k)?
2, 5
Suppose 0 = 4*j - 417 - 83. List the prime factors of j.
5
Suppose 3*w - 23 = 10. Suppose 4*x - 3*b - 32 = 0, 3*b = -x - w + 4. What are the prime factors of x?
5
Let l = 324 - 210. List the prime factors of l.
2, 3, 19
Let u(o) = o**3 + 4*o**2 + 3*o + 2. Let a be u(-3). Suppose 2*h - x = 32 + 12, h - a*x - 25 = 0. What are the prime factors of h?
3, 7
Let w be ((-6)/(-7))/((-1)/(-14)). Let k = w + 4. What are the prime factors of k?
2
What are the prime factors of (26 + -5)*(-4)/(-14)?
2, 3
Let n(i) = -i - 1. Let g be n(-2). Let m = 17 - g. Suppose -7 = 4*w - 5*r, -5*r + 3 = 2*w - m. What are the prime factors of w?
2
Let v(d) = 3*d**2 + 2